t are the prime factors of m?
3, 5
What are the prime factors of (10/8)/(-6*(-1)/600)?
5
Let h(f) = f + 7. Let x be h(-5). Suppose x*v - 7 - 7 = 0. What are the prime factors of (-46)/(-14) - 2/v?
3
Suppose 5*g = -0*v + 2*v + 464, -3*v = 5*g - 454. List the prime factors of g.
2, 23
Let v = -45 - -45. Let y(u) be the second derivative of u**4/12 + u**3/6 + 5*u**2/2 + u. List the prime factors of y(v).
5
Let y be ((-1)/3)/((-4)/36). Suppose 9 = -4*b + b, y*q + 4*b + 12 = 0. Let h = q + 6. What are the prime factors of h?
2, 3
List the prime factors of 221 + (-1)/(-2)*-2.
2, 5, 11
What are the prime factors of -23 + 162 + 4*1?
11, 13
Suppose -2*h + 6*h - 62 = -2*a, -2*a = 5*h - 66. Let r = 4 + a. What are the prime factors of r?
3
Let a(m) = m**3 - 1. Let i be a(1). Suppose 4*c - n + i*n = 18, 0 = 5*c + 2*n - 16. Suppose 48 = -0*w + c*w. List the prime factors of w.
2, 3
Suppose 2*n + 2*n - 172 = 0. Suppose 0 = 5*z - 12 - n. Suppose -z = -3*h + 2*h. List the prime factors of h.
11
Let p(m) = -3*m**3 + 2*m**2 + 3*m + 20. Let w(l) = -4*l**3 + 3*l**2 + 4*l + 21. Let k(a) = 3*p(a) - 2*w(a). List the prime factors of k(0).
2, 3
Suppose -5*w + 17 = -18. What are the prime factors of w/(-2)*(-1 - 3)?
2, 7
Suppose 4*y - 15 = f + 4*f, -5*y = 0. Let c = f - -2. What are the prime factors of 8 + 1/c*-1?
3
Let k = 203 + 90. List the prime factors of k.
293
Let r be ((-10)/8)/((-3)/(-24)). What are the prime factors of 282/10 - (-2)/r?
2, 7
What are the prime factors of (16/24)/(4/114)?
19
Suppose 0 = 4*n + 17 - 57. What are the prime factors of n?
2, 5
Let j = -72 - -128. List the prime factors of j.
2, 7
Let h be ((-4)/5)/((-3)/(-15)). Let i(d) = -d**3 - 3*d**2 + 2*d + 3. Let g be i(h). Suppose m + g = 30. List the prime factors of m.
19
Suppose -m = -2*o + 25, -4*m + 2*m = 4*o - 62. What are the prime factors of o?
2, 7
Let y = -11 + 9. List the prime factors of 3/((-2)/28*y).
3, 7
Suppose -2*c - 2*c - 36 = 0. Let g = -2 - c. Let r = 5 + g. List the prime factors of r.
2, 3
Suppose -4*g - 160 = -3*w, -w + 75 = -0*g + 3*g. Suppose 0 = 3*f + 2*f - w. What are the prime factors of f?
2, 3
Let u(k) be the first derivative of -k**2 - 4*k + 2. Suppose 0 = -5*n - 3*l - 32, -2*l - 28 = 4*n + n. List the prime factors of u(n).
2
Suppose 2*n - 8 - 6 = 0. What are the prime factors of n?
7
Suppose -3 = 5*r - 18. Suppose -44 = -r*z + 4. Suppose -z = -g - g. List the prime factors of g.
2
Let c(v) = -v**3 - v**2 + v - 1. Let u be c(1). List the prime factors of ((-12)/(-6))/(u/(-10)).
2, 5
Suppose 4*g = 5*t + 85, -g - 17 = t + 4*g. Let y = t + 7. List the prime factors of (6/(-5))/(4/y).
3
Let u(j) = -7*j**2 - 9*j - 1. Let x(v) = 11*v**2 + 13*v + 1. Let b(n) = 8*u(n) + 5*x(n). Let k be 10*-1*(-2)/(-4). List the prime factors of b(k).
7
Let v = 16 + -36. Let o be ((-8)/v)/((-2)/10). List the prime factors of o*(-1)/(-4)*-38.
19
Suppose 5*z = 2*z + 30. Suppose q - 6*q + z = 0. Suppose s - q*s = -13. List the prime factors of s.
13
Let s(t) = 8*t - 10. Let r be s(7). Suppose -2*q + r = -0*q. List the prime factors of q.
23
Let b be (-2)/2 - (8 + 0). Let d be 138/b*(-3)/2. Suppose -5*q - 2*s + 14 = -d, -4*q - 5*s = -33. List the prime factors of q.
7
Suppose 2*h - 141 = 29. What are the prime factors of h?
5, 17
List the prime factors of 45*2 + (-11)/((-55)/(-10)).
2, 11
Let f(y) = y**3 + 3*y**2 - 6*y - 6. Let r be f(-4). List the prime factors of r - (-19 + (-2)/(-1)).
19
Suppose 5*f - l - 33 + 5 = 0, 3*f - l - 18 = 0. Suppose -f*p + 6 = -19. List the prime factors of (-10)/(-1) + 0/p.
2, 5
Suppose 7*p = -5*c + 2*p + 155, 4*p = -4. List the prime factors of c.
2
Suppose 0 - 5 = -w. List the prime factors of w.
5
Let y(w) = w**3 - 5*w**2 + 5*w - 6. Let p be y(4). Let a = 2 + p. Suppose u + 1 - 8 = a. What are the prime factors of u?
7
Let d(l) = -l - 7. Let j be d(-6). What are the prime factors of 26/((j + 0)*-2)?
13
Let h(y) = -7*y - 2*y + 7*y - 2. Let l(p) = -2*p - 1. Let n be l(2). What are the prime factors of h(n)?
2
Suppose 0 = 4*g + 3*d - 94, 0 = -2*g - 4*d + 2*d + 48. List the prime factors of g.
2, 11
Suppose 0 = g + 4*g - 555. List the prime factors of g.
3, 37
Let y(x) = -1. Let c(h) = 2*h + 14. Let l(n) = c(n) - 5*y(n). Let v(k) = k + 6. Let w(r) = -4*l(r) + 11*v(r). What are the prime factors of w(8)?
2, 7
Suppose f + 4 = 21. List the prime factors of f.
17
Let v(s) = 12*s - 24. List the prime factors of v(7).
2, 3, 5
Suppose 0 = -2*w - 11 + 123. What are the prime factors of w?
2, 7
Suppose 0 = -3*q - q + 540. List the prime factors of q.
3, 5
Let j(x) = 2*x**2 - x + 2. Let u be j(1). Let i be -1 + -1 + (1 - -1). Suppose -u*o + 0*o + 6 = i. List the prime factors of o.
2
What are the prime factors of (22/6 - 1)*3?
2
Suppose 4*a = 5 + 3, -3*a - 10 = -2*x. Suppose -x*p = -3*p - 15. Let w = p + 5. List the prime factors of w.
2
Let y(a) = 3*a**2 + 2*a + 15. What are the prime factors of y(-8)?
191
What are the prime factors of -8*25*(27 - 28)?
2, 5
Suppose 7*c - 41 - 134 = 0. Let z(t) = t**2 + t - 4. Let x be z(-3). Suppose 0 = -3*d - x*d + c. List the prime factors of d.
5
Suppose -f - 4 = 3*v + 2, 2*f + v - 8 = 0. Suppose 0 = -u + f*u - 235. List the prime factors of u.
47
Suppose 0 = -0*x + 2*x. List the prime factors of (12/(-2 + x))/(-1).
2, 3
Let o = -110 + 215. What are the prime factors of o?
3, 5, 7
Let j be (-14 - 0) + (4 - 4). Let l = 10 - j. List the prime factors of l.
2, 3
What are the prime factors of 8/52 + (-635)/(-13)?
7
Let q(z) = 7*z**2 - 1. List the prime factors of q(2).
3
What are the prime factors of (-1087)/(-6) - 1/6?
181
Suppose -5*z = -l - 0*l + 98, -4*l - 2*z = -370. What are the prime factors of l?
3, 31
Suppose -y = u, 0*u = -5*u - 4*y. Suppose u = -3*s + 36. Suppose -2*v = v - s. What are the prime factors of v?
2
Let t = 2 + 1. Suppose 0 = -2*v + 2*o + 52, 4*v - o = -t*o + 74. What are the prime factors of v?
3, 7
Suppose s - 54 = -2*u + 3*s, 3*s = -2*u + 54. List the prime factors of u/(-3)*(-30)/9.
2, 3, 5
Suppose -v + 3 + 2 = 0. Suppose -3*y + 15 = 3*b - 9, -5 = v*b - 4*y. Suppose -16 = -b*r - r. List the prime factors of r.
2
Let v = 5 + -6. Let a be 1 - v/(-3)*3. Suppose a = x - 8 - 9. What are the prime factors of x?
17
Let g(z) be the first derivative of -1/2*z**2 + 2 + 20*z. List the prime factors of g(9).
11
Let r = 25 - 15. Let o be (-18)/4*(-2)/(-3). Let i = r + o. What are the prime factors of i?
7
Suppose 13 = 5*q + 4*r - 0*r, 9 = -3*r. Suppose -4*j - y = -q*j + 22, -4*j = -y - 79. List the prime factors of j.
19
Let h(x) = -2 - 3*x**2 - 1 + 2*x**2 - 8*x. What are the prime factors of h(-7)?
2
Let i be (-4)/2 + (0 - -100). Suppose 0 = 2*h - 0*b - b - 46, -4*h = b - i. List the prime factors of h.
2, 3
Let o(d) = -d**3 + 7*d**2 + 2*d - 4. What are the prime factors of o(6)?
2, 11
What are the prime factors of (-153)/34*(-32)/6?
2, 3
Suppose -90*q + 95*q = 665. List the prime factors of q.
7, 19
Let i(o) = 3*o**2 - 2*o + 5. Let m be i(-4). Suppose 2*p - 17 = -r, p + p = 5*r - m. List the prime factors of r.
13
Suppose 0 = 3*i - 3 - 12. Suppose 0 = 5*a - 3*s - 55, 11 = -4*a + i*a + s. What are the prime factors of a?
11
Suppose 12*v - 17*v = -190. List the prime factors of v.
2, 19
Let q(v) = 4*v - 9. List the prime factors of q(7).
19
List the prime factors of -5*(-1 - (-21)/(-1)).
2, 5, 11
Let g(o) = -o**3 + 9*o**2 + 10*o + 3. Let f be g(10). Suppose -16 = -i - f*i, -4*y = i - 48. List the prime factors of y.
11
Suppose l = -0*l - 4, -44 = -2*k + 3*l. Suppose 3*z + 4 = k. Suppose -24 = -z*r - 2*a, 2*r + 2*a + 9 - 23 = 0. What are the prime factors of r?
5
Let n(t) = t**3 + t + 28. What are the prime factors of n(0)?
2, 7
Suppose -4*y = -11 - 17. Let r = -10 + 11. Let w = y - r. List the prime factors of w.
2, 3
Let c = -6 - -29. Let j = c + -16. What are the prime factors of j?
7
Let x = -124 - -194. What are the prime factors of x?
2, 5, 7
List the prime factors of 13*-4*27/(-12).
3, 13
Suppose 232 = 8*h - 488. What are the prime factors of h?
2, 3, 5
Let i(w) = 2*w - 6. Let q be ((-4)/(-8))/((-2)/(-44)). Let s be i(q). Suppose 2*u - 3*y - 2*y = 44, u = y + s. What are the prime factors of u?
2, 3
Suppose -3*q - 8 = -14. Let u(l) = 6*l**2 - 2*l + 3. List the prime factors of u(q).
23
Let y be 4*-3 + 9/3. Let w